11)/(x/2)*b?
2, 3, 5
Let q = -2722 - -5407. List the prime factors of q.
3, 5, 179
Let v = -19630 + 62141. List the prime factors of v.
7, 6073
Suppose -3*s + 123 + 126 = 2*h, -3*h + s = -401. Suppose -3*u - 292 - h = -y, 0 = -2*y + 5*u + 850. List the prime factors of y.
2, 5, 43
Let m = -8401 + 8756. What are the prime factors of m?
5, 71
Let k = -6689 + 7056. List the prime factors of k.
367
Suppose 0 = -4*i + 8, 4*i - i - 1001 = -5*g. Let z = -104 + g. What are the prime factors of z?
5, 19
Suppose 117*w + 41017 = 121*w - 3*u, 51310 = 5*w + 4*u. List the prime factors of w.
2, 23, 223
What are the prime factors of (-9 + 10)*7 + (974 - 0)?
3, 109
Suppose -8*i + 1327 = 415. List the prime factors of 19/(361/i)*183/2.
3, 61
Suppose 390 = 6*h - 150. Suppose h*f + 164 = 92*f. List the prime factors of f.
2, 41
Let b(f) = -f**2 - f + 1. Let x(j) = -4*j**2 - 7*j - 4. Let q(k) = 2*b(k) - x(k). Let d be q(-3). Suppose -17*r + d*r = -1728. List the prime factors of r.
2, 3
Let x be (5 + 11/(-2))*(-3 - 1). Suppose 4*k + k - 6825 = -5*j, -x*k = 5*j - 2733. What are the prime factors of k?
2, 11, 31
Let p(s) = 7*s**2 - 32*s + 18. Let i be p(4). Suppose 3*k - i*r = 2630, -k - r + 596 = -289. What are the prime factors of k?
2, 5, 11
List the prime factors of 37 - (-1131)/(-39) - (-39359 - 0).
39367
Suppose -5*v + 2*g + 41985 + 138306 = 0, 0 = -3*g + 6. List the prime factors of v.
107, 337
Let d = 3526 - -21. List the prime factors of d.
3547
Let k = 1078 - 307. Suppose -3*p + 4*h + k = -0*p, 3*h - 257 = -p. What are the prime factors of p?
257
Let m(f) = f**3 - 126*f**2 - 48. Let g be m(126). Let q be 1 - (-6)/(-1) - 1. What are the prime factors of (q + 0)/g - 1790/(-16)?
2, 7
Suppose 5*m - 61730 = -5*f, -4*m + 3*f + 76282 - 26891 = 0. List the prime factors of m.
12347
Let j(h) = 4*h**2 + 2*h + 0 - 2 - 14. Suppose 0 = 7*d - 12 + 54. List the prime factors of j(d).
2, 29
Let v = -119 - -125. Let u be (v/(-8))/(21/3444). Let m = 263 + u. List the prime factors of m.
2, 5, 7
List the prime factors of 1666*((-96)/(-6) - 12).
2, 7, 17
Let c(u) = 4*u**2 + 8*u - 31. Let o(r) = 5*r**2 + 9*r - 33. Let i(b) = 4*c(b) - 3*o(b). What are the prime factors of i(-27)?
569
Let k(x) = -956*x**3 - 3*x**2 - 2*x + 1. Let y be k(-2). Suppose 29*b = y + 10890. What are the prime factors of b?
3, 71
Let k(q) = q**3 - 23*q**2 + 18*q + 13. Let a be k(22). Let u be ((-1)/(-2))/((-11)/1364). Let y = u - a. List the prime factors of y.
13
Suppose 144 + 1168 = 8*c. Suppose -t + 42 = -c. Suppose -5*y + 676 = t. List the prime factors of y.
2, 47
Let y(o) = -104*o - 10*o + 0 + 4 - 29. What are the prime factors of y(-5)?
5, 109
Suppose -4*j - 3*l - 205 = -55, 4*j + 140 = 2*l. What are the prime factors of (82/j - (-16)/(-72))*-330?
3, 5, 11
Let a(y) = -741*y - 5516. What are the prime factors of a(-75)?
113, 443
Let q(p) be the third derivative of -169*p**4/24 - 55*p**3/6 - 13*p**2 + 5. What are the prime factors of q(-3)?
2, 113
Let j = 3332 + 1814. List the prime factors of j.
2, 31, 83
Suppose 4 = -13*k + 15*k. Suppose 4*h + 5 = 3*f, 3*h - k*h - 3 = 5*f. What are the prime factors of 77*-2*f/(5 - 3)?
7, 11
Let l be 2*12/16*8/3. Let h be (-1)/4 - l/(96/(-1350)). Suppose -4*m + 213 = -3*b, 0*m - m - 2*b = -h. List the prime factors of m.
2, 3
Let f be 342/8 + 63/12 + -6. Suppose 2*n - 3*n = -5*x + 4, 4*n = -2*x + 50. Let s = n + f. What are the prime factors of s?
53
Suppose -5*k + 4*k + 5*t + 246 = 0, -2*k + 3*t + 506 = 0. What are the prime factors of (-192)/k*(-2 - 1066)?
3, 89
Suppose -3*o + 749*y = 745*y - 68511, 0 = -3*y + 9. List the prime factors of o.
7, 13, 251
Suppose t + 5 - 22 = -4*c, -c + 5*t - 1 = 0. Suppose c*h - 2*m - 5026 = -1044, -m = h - 991. List the prime factors of h.
2, 7, 71
Let c = 38 - 35. Suppose 2*t - 823 = -5*d, -3*d + 501 = -0*d + c*t. What are the prime factors of d?
163
Let a(m) = -4*m - 31. Let w be a(-15). Let t = w - 28. What are the prime factors of 8844/48 + t/(-4)?
2, 23
Let u = 2427 - 1071. Let r = u - 171. List the prime factors of r.
3, 5, 79
Suppose 4*q = 3*d + 419, -6*d + 4*d = -3*q + 315. Let c be (-3)/((-9)/573) - 0. Let s = c - q. List the prime factors of s.
2, 3, 7
Let x(z) = -2*z - 6. Let i be x(-7). Suppose -6*r = -i*r + 294. List the prime factors of r.
3, 7
Suppose 2 = -2*c + 12. Let q(k) = -3*k + 19. Let x be q(c). Let n(h) = -h**3 + 8*h**2 + h + 8. What are the prime factors of n(x)?
2, 19
Suppose -o = -5*r, -52*o + 54*o + 30 = -5*r. List the prime factors of 2/21 + (o - (-543284)/294).
2, 919
Suppose 3*r - n = 4580, 5*n + 6114 = 6*r - 2*r. List the prime factors of -6*7/(-84)*r.
7, 109
Let a(x) = x**2 + 2*x + 2. Suppose -14 + 14 = 2*b. Let f be a(b). Suppose -4*n - 2*c = -56, 0 = -5*n - f*c - 2*c + 76. What are the prime factors of n?
2, 3
Let l = -45 + 117. Let d = -2008 + 2008. Suppose -4*w + j = -l, -2*w + 26 = -3*j - d*j. List the prime factors of w.
19
Suppose 17 = r + 4*t, 7*r - 4*r = 3*t - 9. What are the prime factors of 0/(2/r) - (7 - 73)?
2, 3, 11
Let o(l) = 6 - 3 - 4*l**2 - 38*l**3 - 2*l - 4 + 3*l**2. Let z be o(-1). Suppose 0 = -5*c + 117 + z. What are the prime factors of c?
31
Let o be (-2)/((-7 + 6)/(-137)). Let f = o - -652. What are the prime factors of f?
2, 3, 7
Let t = 197 - 198. What are the prime factors of (t - (-1772)/5) + 106/(-265)?
353
Let k(x) be the second derivative of 13*x**5/120 + x**4/24 + 2*x**3 + x. Let s(i) be the second derivative of k(i). What are the prime factors of s(2)?
3
Let z = 511 - -2727. Suppose z = 4*o + 2*c, 5*o = 4*o - 5*c + 805. List the prime factors of o.
2, 3, 5
Suppose -69*t = 64*t - 1668618. List the prime factors of t.
2, 3, 17, 41
Suppose 4*s = o + 3, -4*o = -o + 9. Suppose -6*x + 15*x - 2016 = s. What are the prime factors of x?
2, 7
Let x(w) = 38*w + 1574. What are the prime factors of x(25)?
2, 631
Let x(y) = 4*y**2 - 102*y - 146. What are the prime factors of x(-40)?
2, 5167
Let h = 60056 - 41605. List the prime factors of h.
18451
Let s = 62817 - 35781. Suppose 19*c + 2488 = s. What are the prime factors of c?
2, 17, 19
Suppose 2574 = 23*k + 3*k. Suppose -70*l = -k*l + 36192. List the prime factors of l.
2, 3, 13
Suppose 565 = 5*w + 4*r - 1155, 4*w + 4*r = 1376. Let o = 735 - w. List the prime factors of o.
17, 23
Let b = 48457 - 32384. List the prime factors of b.
16073
Let l(k) = -133*k + 20. Let x be l(6). Let a = -329 - x. What are the prime factors of a?
449
Suppose -6*f - 136 = h - f, 132 = -h - f. Let o be (64/6)/((-8)/36). Let p = o - h. List the prime factors of p.
83
Suppose -4*m = -4, 2*m = -5*j + 5748 - 2076. What are the prime factors of j?
2, 367
Let d = 1915 + -856. List the prime factors of d.
3, 353
Suppose -13*n + 9*n = -624. Let p = 381 - n. List the prime factors of p.
3, 5
Let b = 34351 - 9103. List the prime factors of b.
2, 3, 263
Let r(h) be the first derivative of h**3/3 - 19*h**2/2 + 133*h + 40. List the prime factors of r(16).
5, 17
Let z = -12885 - -33205. List the prime factors of z.
2, 5, 127
Let l be ((-220)/6)/(20/(-4380)). Suppose 52*v = 42*v + l. List the prime factors of v.
11, 73
Let z(m) = 9*m**2 - 2*m. Suppose -7*j = j - 48. Let l(r) = 17*r**2 - 3*r + 1. Let n(v) = j*l(v) - 10*z(v). List the prime factors of n(3).
2, 3, 5
Let l(q) = -21*q**2 - 26*q - 79. Let v be l(-3). Let w = 1460 - v. List the prime factors of w.
2, 3, 5, 11
List the prime factors of 1 + (-36)/27*6 + 33466.
3, 19, 587
Let a(h) = -12*h**2 + 18*h - 30. Let u be a(2). List the prime factors of u*(-15 + (-6)/(-2)).
2, 3, 7
Let f(p) = -p**3 - 25*p**2 + 2*p + 52. Let y be f(-25). What are the prime factors of (-5889)/(-13)*(y/(-6) - -1)?
2, 151
Let g = 5 + -27. Suppose -13*k + 34 + 343 = 0. Let b = k + g. What are the prime factors of b?
7
Let h(r) = r**3 + 8*r**2 + 1. Let b be h(-8). Let x be b/(3*1/6). Suppose 2*n - 299 = -5*w, 2*w - x*n = -0*n + 128. What are the prime factors of w?
61
Let b(k) = 29*k**2 + 13*k - 30. Let v be b(6). List the prime factors of ((-46)/(-69))/(2/v).
2, 7, 13
Suppose -785829 = -114*y - 985958 + 4737215. What are the prime factors of y?
39799
Let z = -90 + 93. Suppose -2*u = -b + 1105, 6*u - 3*u = -z*b - 1635. What are the prime factors of 5*((-4)/22 + (-12420)/u)?
2, 7
Let x(p) = -p**2 - 53*p + 56. Let y be x(-42). Let c = y +